
Let q(g) = g**3 - 30*g**2 + 29*g - 845. Let t be q(30). Let r(o) = -o + 35. Calculate r(t).
10
Let k(x) = 2*x - 1. Let i(g) = 20*g - 3. Let u(v) = -v**3 + 14*v**2 - 44*v - 9. Let w be u(5). Let o(y) = w*k(y) + i(y). Let t = -4 - -3. Calculate o(t).
-11
Let p(m) = 91 - 11*m - 118 + 2*m + 7*m. Give p(-21).
15
Let b(y) = 12*y**2 + 12*y + 6. Let h(v) = -2*v**2 + 9*v - 23*v**2 - 6 - 21*v + 11*v**2. Let w(r) = -6*b(r) - 5*h(r). Give w(-8).
-38
Let k(l) = -l**2 - 3*l + 18. Let m(f) = f**2 + 63*f - 10. Let o be m(-31). Let i = -1008 - o. Calculate k(i).
0
Let c(m) = 25*m**2 - 41*m - 84. Let p(h) = -9*h**2 + 16*h + 28. Let j(z) = -4*c(z) - 11*p(z). Calculate j(-10).
48
Let n(b) = b**2 - 4*b - 51. Let p(m) = 3*m**2 - 12*m - 140. Let k(s) = -11*n(s) + 4*p(s). Calculate k(5).
6
Let r(m) = -5 - 13*m + m**2 + 12 - 4 + 8 + 10. Let c be r(12). Let b(y) = -y**2 + 13*y - 2. What is b(c)?
34
Let s(i) = 5*i + 8. Suppose 0 = -2*w - 10, 4*d = 20*d - 3*w + 81. Determine s(d).
-22
Suppose 3*o + 8 = -1. Let b(t) = 40*t + 47. Let m(y) = 20*y + 23. Let q(g) = -4*b(g) + 9*m(g). Let u(s) = 29*s + 27. Let x(d) = 7*q(d) - 5*u(d). What is x(o)?
13
Let d(z) = -14*z**3 + 17*z**2 - 5*z + 3. Let s(v) = -17*v**3 + 18*v**2 - 8*v + 1. Let y(x) = 6*d(x) - 5*s(x). Calculate y(-11).
24
Let g(n) = 3*n + 31. Let t be g(-17). Let v = t - -28. Let z(o) = 2 - 7 - o - o**2 - v. Calculate z(0).
-13
Suppose 53*o - 40 + 415 = -22*o. Let b(q) = -q**3 - q**2 - 5*q - 2. Give b(o).
123
Let o(g) = 4*g - 18*g**2 - 24*g**2 - 30*g**2 - 17*g**2 + 90*g**2 + 8. Calculate o(-5).
13
Let p(u) = -16*u**3 - 9*u + 4 + 14*u**3 - 3*u**2 - 7. Let r(i) = i**3 + i**2 + 4*i + 1. Let c(a) = 2*p(a) + 5*r(a). Calculate c(1).
1
Let q(z) = z**3 + 16*z**2 + 37*z - 29. Suppose 800 = 12*a + 956. Calculate q(a).
-3
Let h(c) = c**3 - 2*c**2 - 23*c + 3. Suppose -f + 2*l = -24 + 16, 2*f + 4*l = -32. Calculate h(f).
-1
Suppose 2*d + 16 = 4*t - 3*t, t - 19 = d. Let h(r) = -4*r + t - 3*r + 0*r**2 + 0*r**2 - r**2 - 17. Give h(-4).
17
Let k be (-2)/(2/1) - (-3 + -25). Let c(v) = -30*v**2 + 1 + v - 1 + k*v**2. What is c(1)?
-2
Let g(p) = 8*p + 29. Let l(a) = -32*a - 109. Let v(u) = -15*g(u) - 4*l(u). Suppose -2*j = j + 5*i - 2, -2*i + 1 = j. Give v(j).
-7
Let t(g) = -12*g + 5 + g + 2*g - g**2 + 4*g. Suppose 623 = -73*n - 16*n. Give t(n).
-9
Let z(g) = -g + 4. Suppose 5*d = -5*i - 10, 9*d + 16 = 6*d - i. Calculate z(d).
11
Let s(v) = -13*v + 1. Suppose -109 + 269 = 2*r. Suppose -r*c = -85*c - 10. Give s(c).
27
Suppose 26*z + 1336 = 34*z. Suppose -12 = z*j - 170*j. Let a(h) = 4*h**2 - 16*h - 3. Determine a(j).
-3
Let a(o) = -o**3 - 32*o**2 - 110*o + 49. Let n(h) = -6*h**2 - 33*h + 35. Let u be n(-7). Let p be a(u). Let r(x) = -x**3 - 6*x**2 + 6*x - 1. Calculate r(p).
6
Let z(j) = -7*j**3 - j**2 - 6*j - 6. Let m(l) = 12*l**3 + 2*l**2 + 10*l + 12. Let d(r) = -4*m(r) - 7*z(r). Determine d(2).
2
Let f(h) = -2*h**2 - 5*h + 3. Let x(y) be the third derivative of 1/8*y**4 + 0 + 19/3*y**3 + 27*y**2 + 0*y. Let l be x(-14). What is f(l)?
-9
Let l be (-4 - -2)*(-183)/6. Suppose 10*n + l - 21 = 0. Let u(v) = -v**2 - 3*v + 5. Give u(n).
1
Let k = -38 - -42. Suppose -8 + 4 = -k*r. Let o(x) be the third derivative of 7*x**6/120 - x**4/24 + x**3/6 + 8*x**2. Determine o(r).
7
Let w(y) = 11*y**3 - 9*y**2 + 66*y - 5. Let j(l) = 5*l**3 - 4*l**2 + 29*l - 2. Let q(u) = -9*j(u) + 4*w(u). What is q(1)?
0
Let a(i) = i**3 - 7*i**2 + 8*i - 11. Let g = 228 + -144. Let f = g - 78. Calculate a(f).
1
Let y(n) = n**3 + n**2 - 3*n - 5. Suppose -149 + 409 = -130*d. Determine y(d).
-3
Let t(k) be the third derivative of 4/3*k**3 + 0*k + 60*k**2 + 1/4*k**4 + 0 - 1/60*k**5. Calculate t(8).
-8
Let q be ((-7)/(-21))/(6/(-18)). Let l be (-8 - -5) + (3 - q - 5). Let y(b) = b**3 + 3*b**2 - 3*b + 5. Calculate y(l).
1
Let p(g) = -g**3 - 4*g**2 - 2*g + 5. Suppose 2*y = r - 19 - 25, -3*y - 52 = -5*r. Let d be y/(-15)*(-40)/16. Determine p(d).
13
Let c(u) = -8*u**3 + u**2 - 1. Suppose s - 65 = -h + 269, 0 = 4*h + 3*s - 1333. Let z = 332 - h. What is c(z)?
-8
Let z(u) = 361*u**3 + 79*u**2 + 47*u - 121. Let n(l) = -158*l**3 - 34*l**2 - 20*l + 52. Let p(w) = -16*n(w) - 7*z(w). Determine p(10).
25
Suppose -3*s + 3*j + 368 = -j, -j = -5*s + 636. Suppose 131*p - 12 = s*p. Let y(q) = -q**2 + 5*q - 4. Determine y(p).
0
Let o(l) be the third derivative of l**5/60 + l**4/8 + l**3/6 + 18406*l**2. Let d = -2 - 0. Calculate o(d).
-1
Suppose -16*u = -4*u - 1428. Suppose -115 + u = 2*n. Let m(x) = -8*x + x**n + 3 - 2 + x + 0. Give m(6).
-5
Let r(c) = c + 1. Let j(z) = z**3 + 2*z**2 - 22*z + 9. Let u be j(4). Suppose 44 = 5*f + u*f. Calculate r(f).
3
Let d(k) = k**3 + 14*k**2 - 2*k - 20. Let g be (6/8 - (-590)/(-40))/(24 - 23). Give d(g).
8
Let v(l) = l**2 + 11*l + 33. Let a be v(-10). Let u(w) = -1 + w + w**2 + 36*w**3 - a*w**3 - 12*w**3. What is u(0)?
-1
Let d(t) = -t**3 - 6*t**2 + 6*t - 3. Suppose 124 = -24*c - 14*c - 142. Give d(c).
4
Let f(t) = 11*t**2 - t + 19. Let i(b) = -6 - 3*b**2 - 730*b + 730*b. Let j(x) = -2*f(x) - 7*i(x). Give j(4).
-4
Suppose -r - 6 = -5*m, -2*m + 3 = -1. Suppose 5*b = 3*l - 29, -r*b = -l - l + 22. Let d(x) = -5*x**2 + 4*x + 4*x**3 + 0*x - 3*x**l + 0*x**3. Give d(4).
0
Let b(h) be the second derivative of -h**4/12 + 9*h**3/2 - 151*h**2/2 + 136*h + 6. Determine b(10).
19
Suppose 5*n - 5*y - 10 = -10*y, -n + 3*y - 18 = 0. Let t be -12*10/(-80) - 1/(-2). Let i(m) = 5*m**t - 1120 - 4*m**2 + 1119. What is i(n)?
8
Let c(f) = -f**2 - 3*f + 3. Suppose 0 = -17*r + 546 + 1562. Let x = 126 - r. What is c(x)?
-7
Let x(o) = -2*o**3 - 2*o**2 - 4*o - 1. Let b be x(-1). Let m(a) = -6*a + 4. What is m(b)?
-14
Let r(i) = -i**2 + 2*i - 1. Let l(c) be the third derivative of -c**6/120 - c**5/30 - c**4/24 + c**3/2 + 27*c**2 + 1. Let p(m) = l(m) + 2*r(m). What is p(-5)?
11
Let f(s) = -11*s + 30*s - 7*s - 19*s + 154. Determine f(28).
-42
Let f(q) = -2*q**2 + 13*q + 12. Let i(y) = -3*y**2 + 23*y + 22. Suppose 9*h - 8 = 19. Let p(b) = h*i(b) - 5*f(b). Calculate p(-3).
3
Let q(n) = 21*n - 338. Let a be q(17). Let b(v) = -v**2 + 18*v + 29. Give b(a).
10
Let f be (-6)/57*-1 - 396/(-209). Let y be f/(-6) - (-3)/9. Let c(t) = -t + 11. Give c(y).
11
Let n(w) = -9*w + 25. Suppose 10*f + 45*f = 125 + 40. What is n(f)?
-2
Let h(r) be the second derivative of r**4/12 - 3*r**3/2 - 4*r**2 + r. Let v be 24 - (-14 - (-56)/2). Give h(v).
2
Let q = 2 + 15. Let d = -15 + q. Let f(o) = -d - 4*o - 3*o + 5*o. Determine f(-4).
6
Let x(y) = 9*y**2 - 3*y - 4. Suppose 57*r - 103*r = -55*r + 27. Determine x(r).
68
Let m(k) = -k**3 + k + 1. Let o(p) = -p**3 + 5*p**2 - 2*p + 6. Let x(b) = 2*m(b) - o(b). Let r = 2754 + -2760. Give x(r).
8
Let j(z) be the second derivative of -z**4/12 + 13*z**3/6 - 7*z**2 - 63*z - 13. Determine j(11).
8
Let p(z) = z**3 + 20*z**2 + 40*z + 67. Let w be p(-18). Let t(y) = -9*y + 2. Let r = 29 + -40. Let o(b) = -26*b + 5. Let c(d) = r*t(d) + 4*o(d). What is c(w)?
23
Let g(x) = -14*x**2 - 62*x - 59. Let n(o) = 14*o**2 + 64*o + 75. Let h(j) = 5*g(j) + 4*n(j). Calculate h(-4).
-3
Let x be (-22)/(-33)*(-165)/10 - (-78)/6. Let s(u) = 7*u - 6. Let m(o) = -13*o + 13. Let n(a) = 4*m(a) + 9*s(a). What is n(x)?
20
Let o(p) = -3*p**2 - 32*p + 35. Let l be o(-11). Let t be 3/(-6)*(-12 + l). Let g(z) = -z**2 - 5*z - 9. Calculate g(t).
-15
Let m(r) = -21*r - 9 - 7 + 0 - 10093*r**2 + 10097*r**2. Determine m(7).
33
Let y = -567 - -564. Let b(m) = 3*m**3 - m**2 - m. Calculate b(y).
-87
Let c be 2 + 6 + (-17 - 64/(-8)). Let d(b) = 7*b**2 + 2*b + 3. Determine d(c).
8
Let b(f) = 5*f - f**2 - 10*f - 84 - 9*f + 245 - 97. What is b(-18)?
-8
Let a(t) = 70*t + 3. Let g(q) = -193*q - 9. Let b(p) = -11*a(p) - 4*g(p). Calculate b(5).
13
Let u(m) = 17*m + 3. Let a be (-1)/7 - (-48)/336. Suppose -52*h + 50*h - 4 = a. Calculate u(h).
-31
Let f(z) be the third derivative of 7*z**4/24 - 11*z**3/6 + 23*z**2. Let h be f(2). Suppose -3 = -4*p + w, -2*w = h*p - w - 4. Let r(t) = 5*t. Give r(p).
5
Let g(o) = 12*o - 22 - 8*o**2 + 16 + 13*o**2. Let h(u) = -4*u**2 - 10*u + 5. Let t(k) = -5*g(k) - 6*h(k). Determine t(-1).
-1
Let s(p) = -p + 3*p - 2*p**3 - 6*p**2 + 0*p + 2 + 3*p**3. Let r be (7/(-49))/(2/(-84)). What is s(r)?
14
Let x = -9 - -11. Let l(o) = -4*o + x*o - 2*o. Let i(n) = n**3 - n**2 - 41*n + 101. Let u be i(3). 